 95?
-72
-400 + 513 - (52 + 13)
48
What is 56 + -100 + 35 + (2 - 1 - (61 + -13))?
-56
Calculate 14 - (-27 + 11 + 15 + -27).
42
What is -129 + (90 - (-47 + 21))?
-13
(18 - 14) + -10 - (-3 - 4 - (27 + 16))
44
What is -99 - 3 - 3 - (8 + (12 - 20 - 13))?
-92
Evaluate 13 - -4 - (-5 - (-12 - 12)).
-2
15 - 19 - 27 - 21
-52
Evaluate -93 - (-26 - (-94 - -94)).
-67
What is the value of 9 + (14 - (49 + -56 - (3 + -14)))?
19
(-1 - -1) + (8 - -1) + (-56 - 59)
-106
What is the value of -134 - (-35 + -145) - (-1 + -22 - 0)?
69
What is the value of 67 - (-64 + -76 + 154)?
53
What is the value of 4 + (35 - (47 + -25)) + -10?
7
What is the value of -297 + 287 - (-2 + (-6 - -20))?
-22
Evaluate 45 - (49 - (-115 + 55)).
-64
8 + 3 + 4 + 306 + -422
-101
-2 + (1 + 1 - (7 + 6)) - 29
-42
Calculate (207 - (497 - 350)) + -1 + 18.
77
What is (-6 - (-35 + 34 - 32)) + -13?
14
Calculate 8 + 1 + (-16 + 17 - -12 - 17 - 12).
-7
What is the value of (5 - 3) + 9 + (-2 - -52 - 102)?
-41
Evaluate -51860 + 51934 + 3 + -2 + 1.
76
What is -7 + 28 + -45 + -57 - -4?
-77
What is the value of -104 + (22 - (-20 - -40)) + (-6 - -29)?
-79
What is the value of -8 + (-78 - (-45 - 67))?
26
Evaluate (6 - (1 + -5 - -11) - -43) + -9 - 1.
32
Calculate 7 + (-10 - 1) + (562 - 567).
-9
Calculate 0 - 15 - ((-10 - 5) + -12 + -26 + 41).
-3
Calculate -83 + 25 + 1 - 8.
-65
What is the value of -258 - -284 - (209 - 42)?
-141
What is the value of -1 + 59 + -4 + 13 + -8 + -11?
48
What is (2 - -50) + (-1360 - -1272)?
-36
1 - (17 - -9) - (13 - 10)
-28
What is (-15 - 1 - (70 - 77)) + -22 + 6 + 1?
-24
What is the value of -68 + 56 + (5 - 2 - (44 + -40))?
-13
What is the value of 1 + (13 - 1) + (121 - 135) + 3?
2
What is (0 - -10) + 15 + 57?
82
Evaluate -24 + (5 + -1 - (77 + -32 - -31)).
-96
Calculate -9 + -7 + 0 + (-39 - -54).
-1
What is (11 + (-9 - -3) - -2) + -30 + -30?
-53
3 + -13 + -124 + 125
-9
Calculate (-6 + 4 - -3) + 0 + (5 - (27 + 17)).
-38
(0 - -4) + -2 - (-172 + 135 - -167)
-128
What is the value of -16 - (-67 + 23 - -5) - -23?
46
-41 - (11 + (-3 - (-12 - (-11 - 6))))
-44
2 + -37 - (16 - (-4 + 17) - -6 - 11)
-33
What is the value of 11 - (-69 - -65) - (37 - 1)?
-21
Evaluate -101 + 25 + -91 - -72.
-95
Evaluate 56 - ((-5 - -19 - 21) + 15).
48
12 + -7 + -19 + 58
44
What is the value of (139 - 249) + (148 - 3)?
35
What is the value of -45 + 23 + -58 - -42?
-38
Evaluate 8784 + -8847 - (1 + -1 + -16).
-47
Evaluate (9 - 13) + (153 - 2) - ((199 - 105) + -82).
135
-328 - -404 - (-1 + 18 + 0 + (5 - 8))
62
Calculate (-99 - -129) + (-23 - -1) - 81.
-73
Evaluate (14048 - 14053) + (0 + -84 - -1) + 20.
-68
Calculate -10 - (7 + 26 + -9).
-34
What is the value of -16 - (5 + 10 + (-1 + -5 - -52))?
-77
Calculate (-60 - (1 - (12 - 4))) + (-6 - -12 - -1).
-46
9 - (-2 - (33 + -128 + 9 - (1 + 0)))
-76
Calculate -51 + 23 + 14 + 0 + -1.
-15
(10 - -8) + (-4 + -6 - 4)
4
-157 + 78 - -72 - (19 + -22 + (1 - -24))
-29
Evaluate (-177 + 153 - (-23 + 4) - -16) + 0 + -96.
-85
Calculate 317 - 337 - (4 + (-1 - 58)).
35
Calculate -72 - (17 + -2 + (4 - 18) - -12).
-85
Evaluate 7 - (-53 - -32 - -17) - -11.
22
What is (-1094 - -1076) + (-1 - 13)?
-32
Calculate 89449 - 89442 - ((1 - 2) + 11 + 1).
-4
What is -15 + (3 - (-7 - 9)) + -2?
2
Evaluate (-10 + 107 - 5) + (-447 - -417).
62
What is -616 + 644 + -4 + -33?
-9
Evaluate (-15 - ((-32 - -12) + 22)) + 55.
38
What is the value of 85 + -100 - ((-5 + 5 - 7) + 13)?
-21
Evaluate -51 - -4 - -17 - -50.
20
Evaluate ((-11 - -10) + -10 - -8) + -1 + -31.
-35
What is the value of (-26 - 3 - 1) + (1 - (-9 - 2)) + -11?
-29
What is 42 - (37 - 31) - -2?
38
What is 23 + -34 + -7 + 30?
12
Calculate (25 - -1) + 4025 + -3989.
62
Evaluate (-2 - 7) + 5 + 0 + (-8 - 25).
-37
What is the value of 354 - (-102 + 249) - (-2 + 53)?
156
What is 40 + (-53 - (49 - 72))?
10
What is 5 - (131 - (-18 + 2 - (-8 + 27 - 39)))?
-122
What is the value of 1769 + -1792 + (1 - -3 - 1)?
-20
Calculate 49 + -129 + 175 - 187.
-92
Calculate 31 + (-3 - (-1 + -1 + -6 + -6 + 7)).
35
26 - 12 - (-15 - -8) - -15
36
Evaluate 8 - (-35 - (45 - 93) - (1 + -64)).
-68
Calculate 102 + 2 + 5 + -285 + 253.
77
0 + (-27 - -36) + (22 - -13)
44
What is the value of -129 - (-18 + 39 + (-54 - -27))?
-123
Evaluate -4 + (-30 - (-28 + -72)) + (-9 - (1 + -1)).
57
What is the value of -5 + (22 - 19) + -38 + 173?
133
What is the value of 14 + -18 + (14 - (-14 - -13))?
11
Evaluate 4 + (-5 - 1 - (-35 + 21 + 1)).
11
Evaluate -16 + 54 - 4 - (-19 + 3 + -1).
51
Evaluate -32 - (-4 + 18 + -146 + 27).
73
What is the value of -6 + 10 - (18 + -1) - ((-20 - -20) + -20)?
7
Calculate -77 + (130 - 55) + (-66 - (-3 - -7)).
-72
What is -1 + -21 + (-832 - -897)?
43
What is the value of -28 + 73 + (-11 - 3) - 37?
-6
-126 + 7 + 8 + (41 - 46) - 25
-141
Evaluate -2 + 1 + (3 - -116) + (-8841 - -8839).
116
What is the value of (-15 - -1 - (250 - 266)) + -13 + 0?
-11
Calculate (18 - (-70 - -52)) + (-4 - (0 - (-3 + 3))).
32
What is the value of (-42 - 14) + 22 - -92?
58
Calculate 231 + 3 - (2291 + -2169).
112
(-221 + 206 - (0 - 23) - -4) + 5
17
Calculate (25 + -12 - -20) + -68.
-35
27 + 12 + (-22 - -31) + 0 + -2
46
What is -6 - (14 - (26 - 8) - -96 - -13)?
-111
0 + 46 + (-49 - -61) + -6 + -7 + 9
54
What is the value of 108 - -16 - (639 + -614)?
99
What is -102 + 25 + (-33 - -4 - -27)?
-79
What is -21 - (-5 + (27 - 11) - 4)?
-28
Calculate 9 - 12 - (-1 - 0 - -53 - (173 + -164)).
-46
What is the value of -49 + 36 + (-4 - 0) + -2 + -74?
-93
Calculate 14 - 1 - (45 + 14 + -17 + 2 + -10).
-21
What is the value of -1032 + 1041 + (0 - 37) - -114?
86
What is the value of 14 + 1 + (-9 + 13 - (180 - 109))?
-52
What is the value of (13 - 87) + -1280 + 1488?
134
Evaluate -1 - 0 - (78 + 4) - (-39 - -49 - 21).
-72
What is (13 - -21) + -73 + 41?
2
What is the value of (-3 - -42 - -11 - 33) + -78?
-61
Calculate 77 - -79 - 173 - (-1 + 1 + -59).
42
Evaluate -12 + -17 + 6 + 4 + -6.
-25
Calculate -4835 + 4883 - (-3 + -96 + 1).
146
What is (-9 - -10) + -24 - (-98 - -100)?
-25
What is 80 + (3 - (-45 + 19)) - 17?
92
What is 66 + -56 - (8 + -4 - (-2 + 3 - -22))?
29
Evaluate (-16 - 0) + (-9 - (8 + 25 + -10 + -24)).
-24
What is 8 + ((7 - 20) + 7 + 8 - (-2 + 0))?
12
1 + -20 + (-1 - -5) + (-225 - -212)
-28
Calculate -56 - ((-63 - -82) + -18).
-57
Calculate -134 + (273 - 136) + (-2 - -3 - -7).
11
Evaluate 51 - (-9 + (14 - -2)).
44
What is the value of 101 + 43 + -165 - (26 + 2)?
-49
What is the value of (82 - 98) + 9 + -13?
-20
Calculate (2 - -15) + -29 + 13 + (7 - 2).
6
What is the value of 4 + (-72 - -84) - (2 - 8)?
22
What is the value of 2 - -8 - (-33 - -23 - (5 - 66))?
-41
Calculate 8617 + -8545 - (2 - -32).
38
What is (-117 + 152 - 112) + 3 + (-19 - (-3 - -2))?
-92
What is (28 + -22 - -4) + -15 + (-2 - -42)?
35
What is the value of 38 + -5 + 1 + (30 - 8)?
56
Calculate (-2 - -13) + -132 + 156.
35
What is the value of 70 - (26 - (44 - -15))?
103
Evaluate (81 - 115) + -66 + 131.
31
Evaluate (1 - 0 - -8) + 91 + 64 + -103.
61
What is the value of 6 - 0 - (-6 - -20 - (6 + -2))?
-4
What is the value of -20 + (-114 - (-114 + -112))?
92
What is the value of -13 + (-6 - (19 + -18 - (-6 + 1)))?
-25
Calculate (-82 - (69 + -156)) + -30 + 1 + -2 + 8.
-18
Calculate (-10 - (-15 - (-20 + 8))) + -6 + -23.
-36
Evaluate -2 + 40 + 87 + -98.
27
What is the value of ((-34 - -2) + 18 - 16) + (3 - -9)?
-18
Calculate 360 + -355 - ((18 - -1) + 3).
-17
What is 74 + (-7 - -6) + -25 + 36 + (-16 - 0)?
68
Calculate -1605 - -1618 - (4 - (-24 + -2 + 2 + 3)).
-12
Evaluate (-25 - (7 - 5 - 8)) + (7 + -3 - 15).
-30
11 + -12 - 5 - (-4 - 1 - (30 + 9))
38
What is the value of 10 + 19 + 8 + 5 - (8 - 10)?
44
Evaluate (-15 - (-6 - 2) - 15) + 74 + -73.
-21
-7 + (-3 - -13) - -6 - (-1 - (-4 + -63))
-57
Evaluate -70 + 100 + 5 + 0 + -15 + 8.
28
Evaluate 112 - (-7 + 1 - (-9 + (26 - 21) - 17)).
97
What is the value of 1 + -32 + ((16 - 24) + (-22 - -7) - -13)?
-41
Evaluate 33 - ((32 - 28) + -17).
46
What is 48 - 24 - (41 + 1)?
-18
Evaluate (21 - -10) + 1 - (0 - -14) - 26.
-8
18 + 2 - ((-11 - -22) + 6) - 107
-104
What is the value of (10 - -110 - 130) + (0 - -11) + -17?
-16
-4 + 9 + -26 + 14 + -22
-29
What is the value of 0 + 38 + 3 + (6 - (7 - -6))?
34
5 + -1 + 0 - ((-47 - 32) + 39)
44
Calculate 1 + 4 - (2499 - 2346).
-148
Evaluate (-8 - 6) + -10 + -19 + 40.
-3
-1 